{"id":1394,"date":"2024-06-20T11:29:20","date_gmt":"2024-06-20T09:29:20","guid":{"rendered":"https:\/\/textilred.es\/producto\/simbol-feminista-entallat-kam\/"},"modified":"2024-06-20T11:29:20","modified_gmt":"2024-06-20T09:29:20","slug":"simbol-feminista-entallat-kam","status":"publish","type":"product","link":"https:\/\/textilred.es\/ca\/producto\/simbol-feminista-entallat-kam\/","title":{"rendered":"S\u00edmbol feminista entallat KAM"},"content":{"rendered":"<p>Gramatge: 165 grs\/m2<br \/>\nComposici\u00f3: 100% cot\u00f3<br \/>\nSamarreta m\u00e0niga curta, coll rod\u00f3 canal\u00e9 de cot\u00f3\/lycra, encintat al coll, costures dobles en m\u00e0nigues, coll i vores, g\u00e8nere tubular preencongit per a una \u00f2ptima estabilitat de forma.<\/p>\n","protected":false},"excerpt":{"rendered":"<p>Gramatge: 165 grs\/m2 Composici\u00f3: 100% cot\u00f3 Samarreta m\u00e0niga curta, coll [&hellip;]<\/p>\n","protected":false},"featured_media":1360,"comment_status":"open","ping_status":"closed","template":"","meta":[],"product_cat":[48],"product_tag":[],"class_list":{"0":"post-1394","1":"product","2":"type-product","3":"status-publish","4":"has-post-thumbnail","6":"product_cat-camisetas-ca","8":"first","9":"instock","10":"featured","11":"shipping-taxable","12":"purchasable","13":"product-type-variable"},"yoast_head":"<!-- This site is optimized with the Yoast SEO plugin v22.9 - https:\/\/yoast.com\/wordpress\/plugins\/seo\/ -->\n<title>S\u00edmbol feminista entallat KAM - TextilRed<\/title>\n<meta name=\"robots\" content=\"index, follow, max-snippet:-1, max-image-preview:large, max-video-preview:-1\" \/>\n<link rel=\"canonical\" href=\"https:\/\/textilred.es\/producto\/simbolo-feminista-entallada-kam\/\" \/>\n<meta property=\"og:locale\" content=\"ca_ES\" \/>\n<meta property=\"og:type\" content=\"article\" \/>\n<meta property=\"og:title\" content=\"S\u00edmbol feminista entallat KAM - TextilRed\" \/>\n<meta property=\"og:description\" content=\"Gramatge: 165 grs\/m2 Composici\u00f3: 100% cot\u00f3 Samarreta m\u00e0niga curta, coll [&hellip;]\" \/>\n<meta property=\"og:url\" content=\"https:\/\/textilred.es\/producto\/simbolo-feminista-entallada-kam\/\" \/>\n<meta property=\"og:site_name\" content=\"TextilRed\" \/>\n<meta property=\"og:image\" content=\"https:\/\/textilred.es\/wp-content\/uploads\/2024\/06\/feminista-300x300-1.jpg\" \/>\n\t<meta property=\"og:image:width\" content=\"300\" \/>\n\t<meta property=\"og:image:height\" content=\"300\" \/>\n\t<meta property=\"og:image:type\" content=\"image\/jpeg\" \/>\n<meta name=\"twitter:card\" content=\"summary_large_image\" \/>\n<script type=\"application\/ld+json\" class=\"yoast-schema-graph\">{\"@context\":\"https:\/\/schema.org\",\"@graph\":[{\"@type\":\"WebPage\",\"@id\":\"https:\/\/textilred.es\/producto\/simbolo-feminista-entallada-kam\/\",\"url\":\"https:\/\/textilred.es\/producto\/simbolo-feminista-entallada-kam\/\",\"name\":\"S\u00edmbol feminista entallat KAM - TextilRed\",\"isPartOf\":{\"@id\":\"https:\/\/textilred.es\/#website\"},\"primaryImageOfPage\":{\"@id\":\"https:\/\/textilred.es\/producto\/simbolo-feminista-entallada-kam\/#primaryimage\"},\"image\":{\"@id\":\"https:\/\/textilred.es\/producto\/simbolo-feminista-entallada-kam\/#primaryimage\"},\"thumbnailUrl\":\"https:\/\/textilred.es\/wp-content\/uploads\/2024\/06\/feminista-300x300-1.jpg\",\"datePublished\":\"2024-06-20T09:29:20+00:00\",\"dateModified\":\"2024-06-20T09:29:20+00:00\",\"breadcrumb\":{\"@id\":\"https:\/\/textilred.es\/producto\/simbolo-feminista-entallada-kam\/#breadcrumb\"},\"inLanguage\":\"ca\",\"potentialAction\":[{\"@type\":\"ReadAction\",\"target\":[\"https:\/\/textilred.es\/producto\/simbolo-feminista-entallada-kam\/\"]}]},{\"@type\":\"ImageObject\",\"inLanguage\":\"ca\",\"@id\":\"https:\/\/textilred.es\/producto\/simbolo-feminista-entallada-kam\/#primaryimage\",\"url\":\"https:\/\/textilred.es\/wp-content\/uploads\/2024\/06\/feminista-300x300-1.jpg\",\"contentUrl\":\"https:\/\/textilred.es\/wp-content\/uploads\/2024\/06\/feminista-300x300-1.jpg\",\"width\":300,\"height\":300},{\"@type\":\"BreadcrumbList\",\"@id\":\"https:\/\/textilred.es\/producto\/simbolo-feminista-entallada-kam\/#breadcrumb\",\"itemListElement\":[{\"@type\":\"ListItem\",\"position\":1,\"name\":\"Portada\",\"item\":\"https:\/\/textilred.es\/ca\/country-butcher-home\/\"},{\"@type\":\"ListItem\",\"position\":2,\"name\":\"Shop\",\"item\":\"https:\/\/textilred.es\/our-heritage\/\"},{\"@type\":\"ListItem\",\"position\":3,\"name\":\"S\u00edmbol feminista entallat KAM\"}]},{\"@type\":\"WebSite\",\"@id\":\"https:\/\/textilred.es\/#website\",\"url\":\"https:\/\/textilred.es\/\",\"name\":\"TextilRed\",\"description\":\"Ropa personalizada\",\"potentialAction\":[{\"@type\":\"SearchAction\",\"target\":{\"@type\":\"EntryPoint\",\"urlTemplate\":\"https:\/\/textilred.es\/?s={search_term_string}\"},\"query-input\":\"required name=search_term_string\"}],\"inLanguage\":\"ca\"}]}<\/script>\n<!-- \/ Yoast SEO plugin. -->","yoast_head_json":{"title":"S\u00edmbol feminista entallat KAM - TextilRed","robots":{"index":"index","follow":"follow","max-snippet":"max-snippet:-1","max-image-preview":"max-image-preview:large","max-video-preview":"max-video-preview:-1"},"canonical":"https:\/\/textilred.es\/producto\/simbolo-feminista-entallada-kam\/","og_locale":"ca_ES","og_type":"article","og_title":"S\u00edmbol feminista entallat KAM - TextilRed","og_description":"Gramatge: 165 grs\/m2 Composici\u00f3: 100% cot\u00f3 Samarreta m\u00e0niga curta, coll [&hellip;]","og_url":"https:\/\/textilred.es\/producto\/simbolo-feminista-entallada-kam\/","og_site_name":"TextilRed","og_image":[{"width":300,"height":300,"url":"https:\/\/textilred.es\/wp-content\/uploads\/2024\/06\/feminista-300x300-1.jpg","type":"image\/jpeg"}],"twitter_card":"summary_large_image","schema":{"@context":"https:\/\/schema.org","@graph":[{"@type":"WebPage","@id":"https:\/\/textilred.es\/producto\/simbolo-feminista-entallada-kam\/","url":"https:\/\/textilred.es\/producto\/simbolo-feminista-entallada-kam\/","name":"S\u00edmbol feminista entallat KAM - TextilRed","isPartOf":{"@id":"https:\/\/textilred.es\/#website"},"primaryImageOfPage":{"@id":"https:\/\/textilred.es\/producto\/simbolo-feminista-entallada-kam\/#primaryimage"},"image":{"@id":"https:\/\/textilred.es\/producto\/simbolo-feminista-entallada-kam\/#primaryimage"},"thumbnailUrl":"https:\/\/textilred.es\/wp-content\/uploads\/2024\/06\/feminista-300x300-1.jpg","datePublished":"2024-06-20T09:29:20+00:00","dateModified":"2024-06-20T09:29:20+00:00","breadcrumb":{"@id":"https:\/\/textilred.es\/producto\/simbolo-feminista-entallada-kam\/#breadcrumb"},"inLanguage":"ca","potentialAction":[{"@type":"ReadAction","target":["https:\/\/textilred.es\/producto\/simbolo-feminista-entallada-kam\/"]}]},{"@type":"ImageObject","inLanguage":"ca","@id":"https:\/\/textilred.es\/producto\/simbolo-feminista-entallada-kam\/#primaryimage","url":"https:\/\/textilred.es\/wp-content\/uploads\/2024\/06\/feminista-300x300-1.jpg","contentUrl":"https:\/\/textilred.es\/wp-content\/uploads\/2024\/06\/feminista-300x300-1.jpg","width":300,"height":300},{"@type":"BreadcrumbList","@id":"https:\/\/textilred.es\/producto\/simbolo-feminista-entallada-kam\/#breadcrumb","itemListElement":[{"@type":"ListItem","position":1,"name":"Portada","item":"https:\/\/textilred.es\/ca\/country-butcher-home\/"},{"@type":"ListItem","position":2,"name":"Shop","item":"https:\/\/textilred.es\/our-heritage\/"},{"@type":"ListItem","position":3,"name":"S\u00edmbol feminista entallat KAM"}]},{"@type":"WebSite","@id":"https:\/\/textilred.es\/#website","url":"https:\/\/textilred.es\/","name":"TextilRed","description":"Ropa personalizada","potentialAction":[{"@type":"SearchAction","target":{"@type":"EntryPoint","urlTemplate":"https:\/\/textilred.es\/?s={search_term_string}"},"query-input":"required name=search_term_string"}],"inLanguage":"ca"}]}},"_links":{"self":[{"href":"https:\/\/textilred.es\/ca\/wp-json\/wp\/v2\/product\/1394","targetHints":{"allow":["GET"]}}],"collection":[{"href":"https:\/\/textilred.es\/ca\/wp-json\/wp\/v2\/product"}],"about":[{"href":"https:\/\/textilred.es\/ca\/wp-json\/wp\/v2\/types\/product"}],"replies":[{"embeddable":true,"href":"https:\/\/textilred.es\/ca\/wp-json\/wp\/v2\/comments?post=1394"}],"wp:featuredmedia":[{"embeddable":true,"href":"https:\/\/textilred.es\/ca\/wp-json\/wp\/v2\/media\/1360"}],"wp:attachment":[{"href":"https:\/\/textilred.es\/ca\/wp-json\/wp\/v2\/media?parent=1394"}],"wp:term":[{"taxonomy":"product_cat","embeddable":true,"href":"https:\/\/textilred.es\/ca\/wp-json\/wp\/v2\/product_cat?post=1394"},{"taxonomy":"product_tag","embeddable":true,"href":"https:\/\/textilred.es\/ca\/wp-json\/wp\/v2\/product_tag?post=1394"}],"curies":[{"name":"wp","href":"https:\/\/api.w.org\/{rel}","templated":true}]}}

Símbol feminista entallat KAM

<p>Gramatge: 165 grs/m2<br />
Composició: 100% cotó<br />
Samarreta màniga curta, coll rodó canalé de cotó/lycra, encintat al coll, costures dobles en mànigues, coll i vores, gènere tubular preencongit per a una òptima estabilitat de forma.</p>

<p>Gramatge: 165 grs/m2 Composició: 100% cotó Samarreta màniga curta, coll [&hellip;]</p>

<!-- This site is optimized with the Yoast SEO plugin v22.9 - https://yoast.com/wordpress/plugins/seo/ -->
<title>Símbol feminista entallat KAM - TextilRed</title>
<meta name="robots" content="index, follow, max-snippet:-1, max-image-preview:large, max-video-preview:-1" />
<link rel="canonical" href="https://textilred.es/producto/simbolo-feminista-entallada-kam/" />
<meta property="og:locale" content="ca_ES" />
<meta property="og:type" content="article" />
<meta property="og:title" content="Símbol feminista entallat KAM - TextilRed" />
<meta property="og:description" content="Gramatge: 165 grs/m2 Composició: 100% cotó Samarreta màniga curta, coll [&hellip;]" />
<meta property="og:url" content="https://textilred.es/producto/simbolo-feminista-entallada-kam/" />
<meta property="og:site_name" content="TextilRed" />
<meta property="og:image" content="https://textilred.es/wp-content/uploads/2024/06/feminista-300x300-1.jpg" />
	<meta property="og:image:width" content="300" />
	<meta property="og:image:height" content="300" />
	<meta property="og:image:type" content="image/jpeg" />
<meta name="twitter:card" content="summary_large_image" />
<script type="application/ld+json" class="yoast-schema-graph">{"@context":"https://schema.org","@graph":[{"@type":"WebPage","@id":"https://textilred.es/producto/simbolo-feminista-entallada-kam/","url":"https://textilred.es/producto/simbolo-feminista-entallada-kam/","name":"Símbol feminista entallat KAM - TextilRed","isPartOf":{"@id":"https://textilred.es/#website"},"primaryImageOfPage":{"@id":"https://textilred.es/producto/simbolo-feminista-entallada-kam/#primaryimage"},"image":{"@id":"https://textilred.es/producto/simbolo-feminista-entallada-kam/#primaryimage"},"thumbnailUrl":"https://textilred.es/wp-content/uploads/2024/06/feminista-300x300-1.jpg","datePublished":"2024-06-20T09:29:20+00:00","dateModified":"2024-06-20T09:29:20+00:00","breadcrumb":{"@id":"https://textilred.es/producto/simbolo-feminista-entallada-kam/#breadcrumb"},"inLanguage":"ca","potentialAction":[{"@type":"ReadAction","target":["https://textilred.es/producto/simbolo-feminista-entallada-kam/"]}]},{"@type":"ImageObject","inLanguage":"ca","@id":"https://textilred.es/producto/simbolo-feminista-entallada-kam/#primaryimage","url":"https://textilred.es/wp-content/uploads/2024/06/feminista-300x300-1.jpg","contentUrl":"https://textilred.es/wp-content/uploads/2024/06/feminista-300x300-1.jpg","width":300,"height":300},{"@type":"BreadcrumbList","@id":"https://textilred.es/producto/simbolo-feminista-entallada-kam/#breadcrumb","itemListElement":[{"@type":"ListItem","position":1,"name":"Portada","item":"https://textilred.es/ca/country-butcher-home/"},{"@type":"ListItem","position":2,"name":"Shop","item":"https://textilred.es/our-heritage/"},{"@type":"ListItem","position":3,"name":"Símbol feminista entallat KAM"}]},{"@type":"WebSite","@id":"https://textilred.es/#website","url":"https://textilred.es/","name":"TextilRed","description":"Ropa personalizada","potentialAction":[{"@type":"SearchAction","target":{"@type":"EntryPoint","urlTemplate":"https://textilred.es/?s={search_term_string}"},"query-input":"required name=search_term_string"}],"inLanguage":"ca"}]}</script>
<!-- / Yoast SEO plugin. -->

Símbol feminista entallat KAM - TextilRed

Gramatge: 165 grs/m2 Composició: 100% cotó Samarreta màniga curta, coll [&hellip;]
