{"id":1368,"date":"2024-06-21T07:41:48","date_gmt":"2024-06-21T05:41:48","guid":{"rendered":"https:\/\/textilred.es\/envio-y-devolucion\/"},"modified":"2024-06-21T11:07:52","modified_gmt":"2024-06-21T09:07:52","slug":"envio-y-devolucion","status":"publish","type":"page","link":"https:\/\/textilred.es\/ca\/envio-y-devolucion\/","title":{"rendered":"Env\u00edo y devoluci\u00f3n"},"content":{"rendered":"<div class=\"fusion-fullwidth fullwidth-box fusion-builder-row-1 fusion-flex-container nonhundred-percent-fullwidth non-hundred-percent-height-scrolling\" style=\"--awb-border-radius-top-left:0px;--awb-border-radius-top-right:0px;--awb-border-radius-bottom-right:0px;--awb-border-radius-bottom-left:0px;--awb-flex-wrap:wrap;\" ><div class=\"fusion-builder-row fusion-row fusion-flex-align-items-flex-start fusion-flex-content-wrap\" style=\"max-width:1248px;margin-left: calc(-4% \/ 2 );margin-right: calc(-4% \/ 2 );\"><div class=\"fusion-layout-column fusion_builder_column fusion-builder-column-0 fusion_builder_column_1_1 1_1 fusion-flex-column\" style=\"--awb-bg-size:cover;--awb-width-large:100%;--awb-margin-top-large:0px;--awb-spacing-right-large:1.92%;--awb-margin-bottom-large:0px;--awb-spacing-left-large:1.92%;--awb-width-medium:100%;--awb-spacing-right-medium:1.92%;--awb-spacing-left-medium:1.92%;--awb-width-small:100%;--awb-spacing-right-small:1.92%;--awb-spacing-left-small:1.92%;\"><div class=\"fusion-column-wrapper fusion-flex-justify-content-flex-start fusion-content-layout-column\"><div class=\"fusion-text fusion-text-1\"><div>\n<div>\n<h2 style= \"text-align: center\">ENVIAMENT<\/h2>\n<\/div>\n<p style= text-align: \"left\">Els enviaments es realitzen amb l&#8217;empresa de transport Societat Estatal Correus i Telegrafos SA SME, amb nom comercial CORREUS i domicili fiscal Carrer d&#8217;Eduardo Barreiros, 3, 28041 Madrid (Madrid)<\/p>\n<\/div>\n<p style= text-align: \"left\">Pen\u00ednsula, Balears i Can\u00e0ries:<br \/>\nPreu: 4,00 \u20ac<br \/>\nTemps d&#8217;enviament: des de 72 hores laborables (depenent del producte i producci\u00f3)<br \/>\nEnviament gratis: a partir de 35 \u20ac<\/p>\n<\/div>\n<div>\n<h3 style= text-align: \"left\"><b>TERMINIS DE LLIURAMENT<\/b><\/h3>\n<p style= text-align: \"left\">Entenem que com a client espera rebre la seva comanda el m\u00e9s aviat possible, per aix\u00f2 treballem per lliurar-li la seva comanda de la manera m\u00e9s r\u00e0pida possible amb lliuraments de 48 hores laborables en Pen\u00ednsula. Exc\u00e8pte les Experi\u00e8ncies que ser\u00e0n lliurades instant\u00e0neament despr\u00e9s de d\u2019acordar les dates amb el moderador de la web.<br \/>\nPer poder saber en quin moment s&#8217;expedeix la seva comanda, li recomanem que estigui atent a la safata d&#8217;entrada del seu correu electr\u00f2nic. Li enviarem una confirmaci\u00f3 d&#8217;enviament de la seva comanda indicant la data de lliurament estimada.<br \/>\nEn cap de setmana o dies festius, els enviaments es gestionaran a el seg\u00fcent dia laborable.<\/p>\n<\/div>\n<div>\n<h3 style= text-align: \"left\"><b>Com funciona l&#8217;enviament i qu\u00e8 fer si em trobo absent al meu domicili el dia del lliurament?<\/b><\/h3>\n<p style= text-align: \"left\">Es realitzar\u00e0 un primer lliurament a l&#8217;adre\u00e7a d&#8217;enviament indicada i en el cas que en el moment del lliurament vost\u00e8 es trob\u00e9s absent, el missatger intentar\u00e0 deixar una nota d&#8217;av\u00eds a la b\u00fastia. No sempre \u00e9s possible deixar una nota, ja que en ocasions el missatger no pot accedir al portal o al recinte d&#8217;habitatges. Despr\u00e9s d&#8217;aquest primer intent de lliurament, la delegaci\u00f3 que reparteix la teva zona intentar\u00e0 contactar amb vost\u00e8 per acordar un segon lliurament. Si en la segona entrega vost\u00e8 es trob\u00e9s tamb\u00e9 absent, la comanda romandr\u00e0 en la delegaci\u00f3 de la seva zona perqu\u00e8 pugui passar a recollir-lo a l&#8217;ag\u00e8ncia. Si per algun motiu no han aconseguit contactar amb vost\u00e8 per acordar el lliurament, pot escriure a <b><u>textilred@textilred.com<\/u><\/b> perqu\u00e8 puguem facilitar la informaci\u00f3 de contacte o ajudar en el que sigui necessari.<\/p>\n<\/div>\n<div>\n<h3 style= text-align: \"left\"><b>Com puc fer el seguiment de la meva enviament?<\/b><\/h3>\n<p style= text-align: \"left\">Pot fer el seguiment del seu enviament utilitzant l&#8217;enlla\u00e7 que trobareu al correu electr\u00f2nic que confirma l&#8217;enviament de la teva comanda.<\/p>\n<\/div>\n<div>\n<h3 style= text-align: \"left\"><b>Puc rebre la meva comanda en la franja hor\u00e0ria de la meva elecci\u00f3?<\/b><\/h3>\n<p style= text-align: \"left\">Podeu deixar les seves prefer\u00e8ncies sobre l&#8217;horari de lliurament a l&#8217;espai destinat a comentaris per al transportista que trobar\u00e0 abans de finalitzar la seva comanda. Encara que ens consta que fan el possible per poder realitzar el lliurament dins de l&#8217;horari especificat, pot ser que els sigui dif\u00edcil complir-lo depenent de la ruta del transportista.<\/p>\n<\/div>\n<div>\n<h3 style= text-align: \"left\"><b>Qu\u00e8 passa si la meva adre\u00e7a de lliurament \u00e9s incorrecta?<\/b><\/h3>\n<p style= text-align: \"left\">Us recomanem que revisi l&#8217;adre\u00e7a indicada abans de realitzar la seva comanda per assegurar-se que les dades s\u00f3n correctes i complets, ja que no \u00e9s possible canviar la direcci\u00f3 un cop a l&#8217;enviament ja s&#8217;ha efectuat sense que es generi una despesa d&#8217;enviament addicional. Si detecta alguna dada incorrecte comuniqueu el m\u00e9s aviat possible amb nosaltres a <b><u>textilred@textilred.com<\/u><\/b>. Tamb\u00e9 aquesta gesti\u00f3 pot incrementar la demora en el lliurament entre 24 i 48 hores m\u00e9s. No s&#8217;oblidi de revisar b\u00e9 tots els camps abans de finalitzar la comanda!<\/p>\n<\/div>\n<div>\n<h3 style= text-align: \"left\"><b>Festius<\/b><\/h3>\n<p style= text-align: \"left\">Dies no laborables en el nostre centre log\u00edstic. En aquests dies no es preparen comandes, per tant les comandes es retarden a el proper dia laborable. Sentim les mol\u00e8sties. Gener: dies 1 i 6. Maig: dia 1. Juny: dia 24 . Agost: dia 15. Octubre: dia 12. Novembre: dia 1.Desembre: dies 6,8, 25 i 26<\/p>\n<\/div>\n<div>\n<h3 style= text-align: \"left\"><b>ENVIAMENTS INTERNACIONALS<\/b><\/h3>\n<div>\n<h3 style= text-align: \"left\"><b>De moment no realitzem enviaments fora d&#8217;Europa.<\/p>\n<\/div>\n<\/div>\n<div>\n<div>\n<h2 style= \"text-align: center\">DEVOLUCIONS<\/h2>\n<\/div>\n<div>\n<p style= text-align: \"left\">At\u00e8s que es tracten de productes alimentaris no s&#8217;accepten devolucions excepte en el cas especificat a continuaci\u00f3:<\/p>\n<p style= text-align: \"left\">1) El producte est\u00e0 defectu\u00f3s o trencat durant el transport:<\/p>\n<ul>\n<li>En cas que el producte sigui defectu\u00f3s, l&#8217;usuari pot tornar-lo en un pla\u00e7 de 24 hores a partir de la recepci\u00f3 d\u2019aquest, assumint <b><u>TextilRed Print, S.L.<\/u><\/b> les despeses d&#8217;enviament que es generin per l&#8217;entrega del producte i per la devoluci\u00f3 del mateix. <b><u>TextilRed Print, S.L.<\/u><\/b> procedir\u00e0 al reenviament del producte substitu\u00eft, sense costos addicionals per al client. Nom\u00e9s ha de comunicar-nos la seva incid\u00e8ncia a <b><u>textilred@textilred.com<\/u><\/b> adjuntant una fotografia del producte. <b><u>TextilRed Print, S.L.<\/u><\/b> es reseva el dret a demanar m\u00e9s dades relacionades amb la devoluci\u00f3.<\/li>\n<li>En els casos de desperfectes importants i visibles produ\u00efts en l&#8217;embalatge de la mercaderia durant el transport \u00e9s molt recomanable que el client anoti les incid\u00e8ncies en l&#8217;albar\u00e0 de lliurament de transportista (fins i tot \u00e9s recomanable fer una foto) i ens ho comuniqui a <b><u>textilred@textilred.com<\/u><\/b> el m\u00e9s aviat possible.<\/li>\n<\/ul>\n<\/div>\n<p style= text-align: \"left\"><b>Nom\u00e8s es pot tramitar la devoluci\u00f3 el mateix usuari que l\u2019ha adquirit.<\/b><\/p>\n<\/div>\n<div>\n<h3 style= text-align: \"left\"><b>GARANTIA GENERAL PER A TOTS ELS PRODUCTES<\/b><\/h3>\n<p style= text-align: \"left\">Excepte prova en contrari, s&#8217;entendr\u00e0 que els productes s\u00f3n conformes amb el contracte sempre que compleixin tots els requisits que s&#8217;expressen a continuaci\u00f3:<\/p>\n<ul>\n<li>1.-Es s&#8217;ajustin a la descripci\u00f3 realitzada pel venedor i tinguin les qualitats del producte que el venedor hagi presentat al consumidor i usuari en el lloc web.<\/li>\n<li>2.-Siguin aptes per als usos a qu\u00e8 ordin\u00e0riament es destinin els productes de la mateixa mena.<\/li>\n<li>3.-Presentin la qualitat i prestacions habituals d&#8217;un producte de el mateix tipus que el consumidor i usuari pugui fundadament esperar, tenint en compte la naturalesa del producte.<\/li>\n<\/ul>\n<\/div>\n<\/div>\n<\/div><\/div><\/div><\/div><\/div>\n","protected":false},"excerpt":{"rendered":"","protected":false},"author":1,"featured_media":0,"parent":0,"menu_order":0,"comment_status":"closed","ping_status":"closed","template":"","meta":{"footnotes":""},"class_list":["post-1368","page","type-page","status-publish","hentry"],"yoast_head":"<!-- This site is optimized with the Yoast SEO plugin v22.9 - https:\/\/yoast.com\/wordpress\/plugins\/seo\/ -->\n<title>Env\u00edo y devoluci\u00f3n - TextilRed<\/title>\n<meta name=\"robots\" content=\"index, follow, max-snippet:-1, max-image-preview:large, max-video-preview:-1\" \/>\n<link rel=\"canonical\" href=\"https:\/\/textilred.es\/envio-y-devolucion\/\" \/>\n<meta property=\"og:locale\" content=\"ca_ES\" \/>\n<meta property=\"og:type\" content=\"article\" \/>\n<meta property=\"og:title\" content=\"Env\u00edo y devoluci\u00f3n - TextilRed\" \/>\n<meta property=\"og:url\" content=\"https:\/\/textilred.es\/envio-y-devolucion\/\" \/>\n<meta property=\"og:site_name\" content=\"TextilRed\" \/>\n<meta property=\"article:modified_time\" content=\"2024-06-21T09:07:52+00:00\" \/>\n<meta name=\"twitter:card\" content=\"summary_large_image\" \/>\n<meta name=\"twitter:label1\" content=\"Temps estimat de lectura\" \/>\n\t<meta name=\"twitter:data1\" content=\"5 minuts\" \/>\n<script type=\"application\/ld+json\" class=\"yoast-schema-graph\">{\"@context\":\"https:\/\/schema.org\",\"@graph\":[{\"@type\":\"WebPage\",\"@id\":\"https:\/\/textilred.es\/envio-y-devolucion\/\",\"url\":\"https:\/\/textilred.es\/envio-y-devolucion\/\",\"name\":\"Env\u00edo y devoluci\u00f3n - TextilRed\",\"isPartOf\":{\"@id\":\"https:\/\/textilred.es\/#website\"},\"datePublished\":\"2024-06-21T05:41:48+00:00\",\"dateModified\":\"2024-06-21T09:07:52+00:00\",\"breadcrumb\":{\"@id\":\"https:\/\/textilred.es\/envio-y-devolucion\/#breadcrumb\"},\"inLanguage\":\"ca\",\"potentialAction\":[{\"@type\":\"ReadAction\",\"target\":[\"https:\/\/textilred.es\/envio-y-devolucion\/\"]}]},{\"@type\":\"BreadcrumbList\",\"@id\":\"https:\/\/textilred.es\/envio-y-devolucion\/#breadcrumb\",\"itemListElement\":[{\"@type\":\"ListItem\",\"position\":1,\"name\":\"Portada\",\"item\":\"https:\/\/textilred.es\/ca\/country-butcher-home\/\"},{\"@type\":\"ListItem\",\"position\":2,\"name\":\"Env\u00edo y devoluci\u00f3n\"}]},{\"@type\":\"WebSite\",\"@id\":\"https:\/\/textilred.es\/#website\",\"url\":\"https:\/\/textilred.es\/\",\"name\":\"TextilRed\",\"description\":\"Ropa personalizada\",\"potentialAction\":[{\"@type\":\"SearchAction\",\"target\":{\"@type\":\"EntryPoint\",\"urlTemplate\":\"https:\/\/textilred.es\/?s={search_term_string}\"},\"query-input\":\"required name=search_term_string\"}],\"inLanguage\":\"ca\"}]}<\/script>\n<!-- \/ Yoast SEO plugin. -->","yoast_head_json":{"title":"Env\u00edo y devoluci\u00f3n - TextilRed","robots":{"index":"index","follow":"follow","max-snippet":"max-snippet:-1","max-image-preview":"max-image-preview:large","max-video-preview":"max-video-preview:-1"},"canonical":"https:\/\/textilred.es\/envio-y-devolucion\/","og_locale":"ca_ES","og_type":"article","og_title":"Env\u00edo y devoluci\u00f3n - TextilRed","og_url":"https:\/\/textilred.es\/envio-y-devolucion\/","og_site_name":"TextilRed","article_modified_time":"2024-06-21T09:07:52+00:00","twitter_card":"summary_large_image","twitter_misc":{"Temps estimat de lectura":"5 minuts"},"schema":{"@context":"https:\/\/schema.org","@graph":[{"@type":"WebPage","@id":"https:\/\/textilred.es\/envio-y-devolucion\/","url":"https:\/\/textilred.es\/envio-y-devolucion\/","name":"Env\u00edo y devoluci\u00f3n - TextilRed","isPartOf":{"@id":"https:\/\/textilred.es\/#website"},"datePublished":"2024-06-21T05:41:48+00:00","dateModified":"2024-06-21T09:07:52+00:00","breadcrumb":{"@id":"https:\/\/textilred.es\/envio-y-devolucion\/#breadcrumb"},"inLanguage":"ca","potentialAction":[{"@type":"ReadAction","target":["https:\/\/textilred.es\/envio-y-devolucion\/"]}]},{"@type":"BreadcrumbList","@id":"https:\/\/textilred.es\/envio-y-devolucion\/#breadcrumb","itemListElement":[{"@type":"ListItem","position":1,"name":"Portada","item":"https:\/\/textilred.es\/ca\/country-butcher-home\/"},{"@type":"ListItem","position":2,"name":"Env\u00edo y devoluci\u00f3n"}]},{"@type":"WebSite","@id":"https:\/\/textilred.es\/#website","url":"https:\/\/textilred.es\/","name":"TextilRed","description":"Ropa personalizada","potentialAction":[{"@type":"SearchAction","target":{"@type":"EntryPoint","urlTemplate":"https:\/\/textilred.es\/?s={search_term_string}"},"query-input":"required name=search_term_string"}],"inLanguage":"ca"}]}},"_links":{"self":[{"href":"https:\/\/textilred.es\/ca\/wp-json\/wp\/v2\/pages\/1368","targetHints":{"allow":["GET"]}}],"collection":[{"href":"https:\/\/textilred.es\/ca\/wp-json\/wp\/v2\/pages"}],"about":[{"href":"https:\/\/textilred.es\/ca\/wp-json\/wp\/v2\/types\/page"}],"author":[{"embeddable":true,"href":"https:\/\/textilred.es\/ca\/wp-json\/wp\/v2\/users\/1"}],"replies":[{"embeddable":true,"href":"https:\/\/textilred.es\/ca\/wp-json\/wp\/v2\/comments?post=1368"}],"version-history":[{"count":1,"href":"https:\/\/textilred.es\/ca\/wp-json\/wp\/v2\/pages\/1368\/revisions"}],"predecessor-version":[{"id":1369,"href":"https:\/\/textilred.es\/ca\/wp-json\/wp\/v2\/pages\/1368\/revisions\/1369"}],"wp:attachment":[{"href":"https:\/\/textilred.es\/ca\/wp-json\/wp\/v2\/media?parent=1368"}],"curies":[{"name":"wp","href":"https:\/\/api.w.org\/{rel}","templated":true}]}}

Envío y devolución

<div class="fusion-fullwidth fullwidth-box fusion-builder-row-1 fusion-flex-container nonhundred-percent-fullwidth non-hundred-percent-height-scrolling" style="--awb-border-radius-top-left:0px;--awb-border-radius-top-right:0px;--awb-border-radius-bottom-right:0px;--awb-border-radius-bottom-left:0px;--awb-flex-wrap:wrap;" ><div class="fusion-builder-row fusion-row fusion-flex-align-items-flex-start fusion-flex-content-wrap" style="max-width:1248px;margin-left: calc(-4% / 2 );margin-right: calc(-4% / 2 );"><div class="fusion-layout-column fusion_builder_column fusion-builder-column-0 fusion_builder_column_1_1 1_1 fusion-flex-column" style="--awb-bg-size:cover;--awb-width-large:100%;--awb-margin-top-large:0px;--awb-spacing-right-large:1.92%;--awb-margin-bottom-large:0px;--awb-spacing-left-large:1.92%;--awb-width-medium:100%;--awb-spacing-right-medium:1.92%;--awb-spacing-left-medium:1.92%;--awb-width-small:100%;--awb-spacing-right-small:1.92%;--awb-spacing-left-small:1.92%;"><div class="fusion-column-wrapper fusion-flex-justify-content-flex-start fusion-content-layout-column"><div class="fusion-text fusion-text-1"><div>
<div>
<h2 style= "text-align: center">ENVIAMENT</h2>
</div>
<p style= text-align: "left">Els enviaments es realitzen amb l&#8217;empresa de transport Societat Estatal Correus i Telegrafos SA SME, amb nom comercial CORREUS i domicili fiscal Carrer d&#8217;Eduardo Barreiros, 3, 28041 Madrid (Madrid)</p>
</div>
<p style= text-align: "left">Península, Balears i Canàries:<br />
Preu: 4,00 €<br />
Temps d&#8217;enviament: des de 72 hores laborables (depenent del producte i producció)<br />
Enviament gratis: a partir de 35 €</p>
</div>
<div>
<h3 style= text-align: "left"><b>TERMINIS DE LLIURAMENT</b></h3>
<p style= text-align: "left">Entenem que com a client espera rebre la seva comanda el més aviat possible, per això treballem per lliurar-li la seva comanda de la manera més ràpida possible amb lliuraments de 48 hores laborables en Península. Excèpte les Experiències que seràn lliurades instantàneament després de d’acordar les dates amb el moderador de la web.<br />
Per poder saber en quin moment s&#8217;expedeix la seva comanda, li recomanem que estigui atent a la safata d&#8217;entrada del seu correu electrònic. Li enviarem una confirmació d&#8217;enviament de la seva comanda indicant la data de lliurament estimada.<br />
En cap de setmana o dies festius, els enviaments es gestionaran a el següent dia laborable.</p>
</div>
<div>
<h3 style= text-align: "left"><b>Com funciona l&#8217;enviament i què fer si em trobo absent al meu domicili el dia del lliurament?</b></h3>
<p style= text-align: "left">Es realitzarà un primer lliurament a l&#8217;adreça d&#8217;enviament indicada i en el cas que en el moment del lliurament vostè es trobés absent, el missatger intentarà deixar una nota d&#8217;avís a la bústia. No sempre és possible deixar una nota, ja que en ocasions el missatger no pot accedir al portal o al recinte d&#8217;habitatges. Després d&#8217;aquest primer intent de lliurament, la delegació que reparteix la teva zona intentarà contactar amb vostè per acordar un segon lliurament. Si en la segona entrega vostè es trobés també absent, la comanda romandrà en la delegació de la seva zona perquè pugui passar a recollir-lo a l&#8217;agència. Si per algun motiu no han aconseguit contactar amb vostè per acordar el lliurament, pot escriure a <b><u>textilred@textilred.com</u></b> perquè puguem facilitar la informació de contacte o ajudar en el que sigui necessari.</p>
</div>
<div>
<h3 style= text-align: "left"><b>Com puc fer el seguiment de la meva enviament?</b></h3>
<p style= text-align: "left">Pot fer el seguiment del seu enviament utilitzant l&#8217;enllaç que trobareu al correu electrònic que confirma l&#8217;enviament de la teva comanda.</p>
</div>
<div>
<h3 style= text-align: "left"><b>Puc rebre la meva comanda en la franja horària de la meva elecció?</b></h3>
<p style= text-align: "left">Podeu deixar les seves preferències sobre l&#8217;horari de lliurament a l&#8217;espai destinat a comentaris per al transportista que trobarà abans de finalitzar la seva comanda. Encara que ens consta que fan el possible per poder realitzar el lliurament dins de l&#8217;horari especificat, pot ser que els sigui difícil complir-lo depenent de la ruta del transportista.</p>
</div>
<div>
<h3 style= text-align: "left"><b>Què passa si la meva adreça de lliurament és incorrecta?</b></h3>
<p style= text-align: "left">Us recomanem que revisi l&#8217;adreça indicada abans de realitzar la seva comanda per assegurar-se que les dades són correctes i complets, ja que no és possible canviar la direcció un cop a l&#8217;enviament ja s&#8217;ha efectuat sense que es generi una despesa d&#8217;enviament addicional. Si detecta alguna dada incorrecte comuniqueu el més aviat possible amb nosaltres a <b><u>textilred@textilred.com</u></b>. També aquesta gestió pot incrementar la demora en el lliurament entre 24 i 48 hores més. No s&#8217;oblidi de revisar bé tots els camps abans de finalitzar la comanda!</p>
</div>
<div>
<h3 style= text-align: "left"><b>Festius</b></h3>
<p style= text-align: "left">Dies no laborables en el nostre centre logístic. En aquests dies no es preparen comandes, per tant les comandes es retarden a el proper dia laborable. Sentim les molèsties. Gener: dies 1 i 6. Maig: dia 1. Juny: dia 24 . Agost: dia 15. Octubre: dia 12. Novembre: dia 1.Desembre: dies 6,8, 25 i 26</p>
</div>
<div>
<h3 style= text-align: "left"><b>ENVIAMENTS INTERNACIONALS</b></h3>
<div>
<h3 style= text-align: "left"><b>De moment no realitzem enviaments fora d&#8217;Europa.</p>
</div>
</div>
<div>
<div>
<h2 style= "text-align: center">DEVOLUCIONS</h2>
</div>
<div>
<p style= text-align: "left">Atès que es tracten de productes alimentaris no s&#8217;accepten devolucions excepte en el cas especificat a continuació:</p>
<p style= text-align: "left">1) El producte està defectuós o trencat durant el transport:</p>
<ul>
<li>En cas que el producte sigui defectuós, l&#8217;usuari pot tornar-lo en un plaç de 24 hores a partir de la recepció d’aquest, assumint <b><u>TextilRed Print, S.L.</u></b> les despeses d&#8217;enviament que es generin per l&#8217;entrega del producte i per la devolució del mateix. <b><u>TextilRed Print, S.L.</u></b> procedirà al reenviament del producte substituït, sense costos addicionals per al client. Només ha de comunicar-nos la seva incidència a <b><u>textilred@textilred.com</u></b> adjuntant una fotografia del producte. <b><u>TextilRed Print, S.L.</u></b> es reseva el dret a demanar més dades relacionades amb la devolució.</li>
<li>En els casos de desperfectes importants i visibles produïts en l&#8217;embalatge de la mercaderia durant el transport és molt recomanable que el client anoti les incidències en l&#8217;albarà de lliurament de transportista (fins i tot és recomanable fer una foto) i ens ho comuniqui a <b><u>textilred@textilred.com</u></b> el més aviat possible.</li>
</ul>
</div>
<p style= text-align: "left"><b>Nomès es pot tramitar la devolució el mateix usuari que l’ha adquirit.</b></p>
</div>
<div>
<h3 style= text-align: "left"><b>GARANTIA GENERAL PER A TOTS ELS PRODUCTES</b></h3>
<p style= text-align: "left">Excepte prova en contrari, s&#8217;entendrà que els productes són conformes amb el contracte sempre que compleixin tots els requisits que s&#8217;expressen a continuació:</p>
<ul>
<li>1.-Es s&#8217;ajustin a la descripció realitzada pel venedor i tinguin les qualitats del producte que el venedor hagi presentat al consumidor i usuari en el lloc web.</li>
<li>2.-Siguin aptes per als usos a què ordinàriament es destinin els productes de la mateixa mena.</li>
<li>3.-Presentin la qualitat i prestacions habituals d&#8217;un producte de el mateix tipus que el consumidor i usuari pugui fundadament esperar, tenint en compte la naturalesa del producte.</li>
</ul>
</div>
</div>
</div></div></div></div></div>

<!-- This site is optimized with the Yoast SEO plugin v22.9 - https://yoast.com/wordpress/plugins/seo/ -->
<title>Envío y devolución - TextilRed</title>
<meta name="robots" content="index, follow, max-snippet:-1, max-image-preview:large, max-video-preview:-1" />
<link rel="canonical" href="https://textilred.es/envio-y-devolucion/" />
<meta property="og:locale" content="ca_ES" />
<meta property="og:type" content="article" />
<meta property="og:title" content="Envío y devolución - TextilRed" />
<meta property="og:url" content="https://textilred.es/envio-y-devolucion/" />
<meta property="og:site_name" content="TextilRed" />
<meta property="article:modified_time" content="2024-06-21T09:07:52+00:00" />
<meta name="twitter:card" content="summary_large_image" />
<meta name="twitter:label1" content="Temps estimat de lectura" />
	<meta name="twitter:data1" content="5 minuts" />
<script type="application/ld+json" class="yoast-schema-graph">{"@context":"https://schema.org","@graph":[{"@type":"WebPage","@id":"https://textilred.es/envio-y-devolucion/","url":"https://textilred.es/envio-y-devolucion/","name":"Envío y devolución - TextilRed","isPartOf":{"@id":"https://textilred.es/#website"},"datePublished":"2024-06-21T05:41:48+00:00","dateModified":"2024-06-21T09:07:52+00:00","breadcrumb":{"@id":"https://textilred.es/envio-y-devolucion/#breadcrumb"},"inLanguage":"ca","potentialAction":[{"@type":"ReadAction","target":["https://textilred.es/envio-y-devolucion/"]}]},{"@type":"BreadcrumbList","@id":"https://textilred.es/envio-y-devolucion/#breadcrumb","itemListElement":[{"@type":"ListItem","position":1,"name":"Portada","item":"https://textilred.es/ca/country-butcher-home/"},{"@type":"ListItem","position":2,"name":"Envío y devolución"}]},{"@type":"WebSite","@id":"https://textilred.es/#website","url":"https://textilred.es/","name":"TextilRed","description":"Ropa personalizada","potentialAction":[{"@type":"SearchAction","target":{"@type":"EntryPoint","urlTemplate":"https://textilred.es/?s={search_term_string}"},"query-input":"required name=search_term_string"}],"inLanguage":"ca"}]}</script>
<!-- / Yoast SEO plugin. -->

Envío y devolución - TextilRed
